= t**2 + t - 1. Let k be (-24)/(-16)*4/6. Determine w(k).
1
Suppose 4 = -2*a, 2*c + 10 = -5*a - 6. Let x(t) = -10*t - 1. Let q(i) be the first derivative of 9*i**2/2 + i + 1. Let z(l) = c*q(l) - 2*x(l). Determine z(-1).
6
Let t(l) = l**2 - 11*l + 2. Suppose -2*j = n + 2 - 22, -3*j + 4*n = -41. Give t(j).
2
Let o(k) = -k**2 - 1. Let p(f) = 10*f**3 + 8*f**2 + 5*f + 6. Let d(c) = -c**3 - c. Let s(t) = -4*d(t) - p(t). Let w(g) = -6*o(g) + s(g). Determine w(-1).
5
Let k(w) be the second derivative of -w**4/12 + w**3/2 + w**2/2 + 3*w. Let u(f) = -3*f**2 + 9*f + 3. Let r(b) = -8*k(b) + 3*u(b). Give r(3).
1
Let k = 33 - 30. Let s(y) = y + 1. Let o = 3 - 2. Let r(j) = -2*j - 4. Let w(l) = o*r(l) + 3*s(l). Give w(k).
2
Let c(t) be the first derivative of -t**4/4 + t**3 - 2*t - 3. Determine c(2).
2
Let l(u) = 3*u + 7. Let h(i) = i**3 - 7*i**2 + 5*i. Suppose 2*f - 10 = -3*b, 28 = 2*b - 4*f - 0. Let j be h(b). Let d = j - -1. Calculate l(d).
-8
Let b be (1 - 6)*1/(-1). Suppose b*q + 2 = -5*c - 3, 0 = -2*c + q - 11. Let u(o) = o - 1. Let f(g) = 2*g - 4. Let p(t) = f(t) - 4*u(t). What is p(c)?
8
Let y(z) = -2*z**2 - 13*z - 12. Let s(x) = -x**2 - 7*x - 6. Let l(p) = -5*s(p) + 2*y(p). Calculate l(-5).
-14
Let o(l) = l**2 - l. Let g(z) = -3*z**2 + 8*z + 9. Let a(w) = -g(w) - 2*o(w). What is a(8)?
7
Let o(q) be the second derivative of 0 - 8*q + 2/3*q**3 + 1/2*q**2. Let d(v) = -v + 3. Let i be d(2). What is o(i)?
5
Suppose -4*k = -3*x - 17, 2*k + 8 = 3*x - 7*x. Let r(u) = -3*u + 3*u - k*u + 7 - u**2. Let a be (-1)/(4/(-80)*-4). Calculate r(a).
-8
Let b(w) = -w - 1. Suppose 10 + 9 = -4*d - 5*o, -2*d + 3*o = -7. Calculate b(d).
0
Let y(h) = -h - 2. Let u = 18 + -14. Suppose u*x - 1 = -13. Give y(x).
1
Let a(c) = 3*c**2 - c - 4. Let j(o) = -7*o**2 + 2*o + 8. Let y(v) = -5*a(v) - 2*j(v). What is y(-4)?
-16
Let g(t) = 2*t - 1. Let k(a) = -2*a**3 - a**2 + 2*a - 2. Let o be k(-2). Give g(o).
11
Let u(j) be the second derivative of 3*j**5/20 + j**2/2 + 2*j. Let d be 3*((-3)/(-9) + -1). Let n be (4/6)/(d/(-3)). Calculate u(n).
4
Let z = -84 - -78. Let s(l) = l + 9. Determine s(z).
3
Let d(g) = -g**2 + 5*g. Let j = -27 - -38. Let b = j + -5. Calculate d(b).
-6
Let a(k) = 2*k**2 + 7*k + 4. Suppose -12 = 5*l - 2*m, -32 = 4*l - 0*l + 4*m. Calculate a(l).
8
Let n(q) = -q - 8. Let s be 0/(-3) - (0 + -2). Suppose 16 = -3*t - s. Calculate n(t).
-2
Let p be ((-104)/(-65))/(2/(-5)). Let m(z) = -z**3 - 3*z**2 - 4. Give m(p).
12
Let x(g) = -g**2 + g. Let s be x(1). Let p(v) = s + 7*v - 2 + 2. What is p(1)?
7
Let p(g) = 4*g**2 + 7*g - 4. Let s(c) = -9*c**2 - 15*c + 8. Let n(k) = -7*p(k) - 3*s(k). Let w(q) = q**2 + q - 4. Let a be w(0). Determine n(a).
4
Suppose 5 = d - s, -16 = -5*d + s - 3. Let o(p) = 0*p**2 - 2*p - 2*p**3 + 3 - 2*p**d + 3*p**3. What is o(2)?
-1
Suppose -14*g + 40 = -10*g. Let x(c) = 0 + 1 + g*c + 12*c**3 - 9*c. What is x(-1)?
-12
Let p(b) = -6*b**2 + 1. Suppose -12 = 4*l + 4*c, -5*l + 3*l - 5*c = 12. Determine p(l).
-5
Suppose 5*j + 8 = 33. Let s(i) be the first derivative of i**4/12 - 2*i**3/3 + i + 2. Let r(l) be the first derivative of s(l). Determine r(j).
5
Let g(o) = 2*o**2 - 11*o - 7. Let i(p) = p**2 - 10*p - 7. Let m(d) = -2*g(d) + 3*i(d). Suppose -6 = -2*j - 4*f, 2*j - f = -4*f + 4. Let z = -6 - j. Give m(z).
8
Let r(t) = -4*t**3 + 4*t**2 + 4*t - 1. Let x(i) = -i**3 - i**2 - i. Let k(n) = r(n) - 3*x(n). Determine k(8).
-9
Let l(r) = -2*r**3 - 3*r**2 + 1. Suppose -4*n + 4 + 12 = 0. Suppose -f + q = 6 - 2, f = -3*q + n. Calculate l(f).
5
Let q(z) = -37*z + 15*z + 23*z + 11 - 4. Calculate q(-5).
2
Let p(y) = -y**3 + 2*y**2 - 1. Let n be p(1). Let c(a) = 3 + a**2 - 1 - 3*a + n. Give c(3).
2
Let o = 8 + -5. Suppose -21 = -t - t + 5*s, 0 = -o*t - 3*s. Let b(w) = -2*w - 60*w**2 + 29*w**2 - w**3 + 35*w**2 + 1. Give b(t).
4
Suppose -5*n - 1 + 11 = 0. Let u(h) = -2*h + 9*h**2 + h**3 + 6 - 2*h - 4*h**n. Give u(-6).
-6
Let w be (2/3)/(3/(-18)). Let o(r) = r**2 + 5*r - 1. Calculate o(w).
-5
Let m = 2225/6 - 370. Let o(s) be the second derivative of 2*s**2 + 1/12*s**4 - 2*s + 0 + m*s**3. Determine o(-4).
0
Let g(h) = -h**2 + 9*h - 10. Let t(b) = b - 1 + 11 - 6. Let y be t(3). Give g(y).
4
Let l be ((-8)/(-6))/((-8)/(-12)). Suppose 4*z - 8 = l*z. Let d(p) = p**3 - 4*p**2 - p - 2. Determine d(z).
-6
Let y be (1/3)/((-1)/(-18)). Suppose -2*j = 18 - y. Let f(q) = -q**3 - 6*q**2 + q + 7. Calculate f(j).
1
Let q = 0 + -2. Let o be -1*(-3)/q*2. Let k(b) be the first derivative of 2*b**3/3 + 5*b**2/2 + 3*b + 10. Determine k(o).
6
Let w(s) = s**2 - 3*s. Let z(d) = d**2 + 2*d + 1. Suppose -4*c = 2*o + 3*o + 19, o = -3*c - 6. Let n be z(o). What is w(n)?
4
Let l(j) be the third derivative of 7/6*j**3 + 0*j + 1/10*j**5 - 1/12*j**4 - 1/120*j**6 + 7*j**2 + 0. Calculate l(6).
-5
Let d be 6/(4 - 4 - 1). Let x(m) = 2*m + 9. Determine x(d).
-3
Let g = 3 + -1. Let b(i) = 9*i + 2. Let w(p) = -8*p - 1. Let x(t) = -3*b(t) - 4*w(t). Calculate x(g).
8
Let k(x) be the second derivative of x**3/6 - x**2 - 2*x. Give k(0).
-2
Let q(d) = 2*d**2 - 11*d - 6. Let a(y) = -y**2 + 5*y + 3. Let l(b) = -5*a(b) - 2*q(b). Determine l(-2).
7
Let l(p) = -p + 4. Suppose 5*h - 30 = t + 12, 5*h + 5*t - 30 = 0. Suppose 4*v = 2*v + h. Give l(v).
0
Let z(v) = -v. Let l(j) = -8*j + 2. Let m(h) = -l(h) + 10*z(h). Suppose -3*u + 14 = 4*c - 4*u, -4*c - 4*u + 4 = 0. Give m(c).
-8
Let m(k) = -k**2 + 8*k - 2. Let g be 0 + 0 + 8/4. Suppose g*h = 4 + 8. Give m(h).
10
Suppose 6 + 4 = 2*t. Let f(j) = -j + 1. Let n(x) = x - 2. Let q(r) = 3*f(r) + 4*n(r). Determine q(t).
0
Let j = 1 - 0. Suppose -4 = -2*k - 0*k. Let i(v) = v + 1 + 0*v - k*v + v**2 - 3*v**3. Give i(j).
-2
Let p(t) = -t**2 - 6*t + 1. Let g be 9*(6/(-2))/27*3. Give p(g).
10
Let j = 3 + 0. Let q be 0/(2*(-4)/(-8)). Let p(c) = 0 + 5 - j + q*c**2 + 3*c**3 - c - 3*c**2. What is p(2)?
12
Let m(h) = -7 + 16 - 10 + 2*h**2 - 2*h - h**3. Calculate m(-2).
19
Let r(p) = p**3 + p**2 - p. Suppose -3*o - 2 = -5*o. Give r(o).
1
Suppose 3*t - 4 = 11. Let a(w) = w + 1. Calculate a(t).
6
Let k(r) = 3*r + 8. Let g be k(-6). Let n be (g/3)/(4/(-6)). Suppose n + 15 = -4*b. Let m(u) = u**3 + 5*u**2. Determine m(b).
0
Let m(d) be the second derivative of d**4/4 + d**2/2 - d. Give m(2).
13
Let q(y) = -y**3 - 28*y**2 + 27*y - 49. Let s be q(-29). Let v(g) = g**2 - 8*g - 6. What is v(s)?
3
Let d be ((-14)/8)/(2/8). Let s(g) = -3*g**3 + 2*g**2 - 3*g. Let x(f) = 5*f**3 - 5*f**2 + 7*f + 1. Let r(c) = 7*s(c) + 4*x(c). Give r(d).
4
Let n(c) = -c**2 - 7*c + 21. Let j be n(-10). Let f(g) = g**2 + 9*g - 7. Determine f(j).
-7
Suppose -4*a = -0*a + 24. Let f be (-20)/a*48/(-40). Let b(p) = -p**2 - 2*p + 5. Determine b(f).
-3
Let a = 3 + -1. Let x(w) = -3*w**3 + 2*w**3 + 2*w**3 + w + 4*w**a. Calculate x(-4).
-4
Let s(i) = -2*i**2 + 9*i - 2. Let a(c) = -2*c**2 + 8*c - 2. Let n(j) = 4*a(j) - 3*s(j). Let p = 4 + -1. Calculate n(p).
-5
Let j be 2/6 - 20/6. Let n(a) be the first derivative of 3/2*a**2 + 1/4*a**4 + a + 5/3*a**3 + 3. What is n(j)?
10
Let n(x) = x**3 + 14*x**2 + 2*x + 20. Let a be n(-14). Let v(c) = -c**3 - 7*c**2 + 10*c + 8. Give v(a).
-8
Let y(b) = 5*b**2 - 17*b + 4. Let n(s) = -s**2 + 4*s - 1. Let t(c) = -9*n(c) - 2*y(c). What is t(-4)?
-7
Let q(h) = -h**3 + 5*h**2 + 6*h + 3. Let k be ((-12)/(-9))/(2/(-6)). Let i = 2 - k. Give q(i).
3
Let j(s) be the third derivative of 0 + 2/3*s**3 - 1/45*s**6 - s**2 + 0*s + 1/60*s**5 - 1/24*s**4. Let p(w) be the first derivative of j(w). Give p(1).
-7
Let r = 2 + -3. Let x = -3 - -2. Let w = r + x. Let z(l) = -4*l - 2. Give z(w).
6
Suppose -2*b - 10 = 2*f, 4*f + 21 = -5*b + 3. Let h = -13 - f. Let c(r) = -r**3 - 6*r**2 + r + 3. Calculate c(h).
-3
Let z(k) = -2*k - 7. Suppose -4*w + c + 2 = 5, 0 = 2*w - c + 3. Suppose w*a = -a - 6. What is z(a)?
5
Let y(p) = -p**3 + 4*p + 3. Let n be y(-2). Suppose -4*t - n = -7*t. Let f(x) = -3*x + x**2 + x - t + x. Determine f(3).
5
Let a(t) = -t - 8. Let y(o) = 2*o + 17. Let m(s) = -9*a(s) - 4*y(s). Determine m(-8).
-4
Let i(o) = -o - 3. Let m be i(-7). Let a(k) = -k**3 + 4*k**2 - 3*k + 2. Calculate a(m).
-10
Let u(y) be the third derivative of y**6/120 - y**5/20 - y**4/12 + 10*y**2. Calculate u(2).
-8
Let u be (-2)/2*1 - -4. Let k(f) be the first derivative of -f**2/2 + 2*f - 14. Calculate k(u).
-1
Suppose 5*v - 